{"id":64730,"date":"2024-01-21T21:40:56","date_gmt":"2024-01-21T21:40:56","guid":{"rendered":"https:\/\/marliermaroc.com\/site\/?page_id=64730"},"modified":"2024-02-12T01:55:18","modified_gmt":"2024-02-12T01:55:18","slug":"aeronautique","status":"publish","type":"page","link":"https:\/\/marliermaroc.com\/site\/aeronautique\/","title":{"rendered":"A\u00e9ronautique"},"content":{"rendered":"\t\t<div data-elementor-type=\"wp-page\" data-elementor-id=\"64730\" class=\"elementor elementor-64730\">\n\t\t\t\t<div class=\"elementor-element elementor-element-72dbe32 e-con-full e-flex e-con e-parent\" data-id=\"72dbe32\" data-element_type=\"container\" data-e-type=\"container\">\n\t\t\t\t<div class=\"elementor-element elementor-element-b6b54ea elementor-pagination-position-outside elementor-widget elementor-widget-image-carousel\" data-id=\"b6b54ea\" data-element_type=\"widget\" data-e-type=\"widget\" data-settings=\"{&quot;slides_to_show&quot;:&quot;4&quot;,&quot;slides_to_scroll&quot;:&quot;2&quot;,&quot;navigation&quot;:&quot;dots&quot;,&quot;autoplay_speed&quot;:2000,&quot;speed&quot;:1500,&quot;image_spacing_custom&quot;:{&quot;unit&quot;:&quot;px&quot;,&quot;size&quot;:6,&quot;sizes&quot;:[]},&quot;autoplay&quot;:&quot;yes&quot;,&quot;pause_on_hover&quot;:&quot;yes&quot;,&quot;pause_on_interaction&quot;:&quot;yes&quot;,&quot;infinite&quot;:&quot;yes&quot;,&quot;image_spacing_custom_tablet&quot;:{&quot;unit&quot;:&quot;px&quot;,&quot;size&quot;:&quot;&quot;,&quot;sizes&quot;:[]},&quot;image_spacing_custom_mobile&quot;:{&quot;unit&quot;:&quot;px&quot;,&quot;size&quot;:&quot;&quot;,&quot;sizes&quot;:[]}}\" data-widget_type=\"image-carousel.default\">\n\t\t\t\t<div class=\"elementor-widget-container\">\n\t\t\t\t\t\t\t<div class=\"elementor-image-carousel-wrapper swiper\" role=\"region\" aria-roledescription=\"carousel\" aria-label=\"Image Carousel\" dir=\"ltr\">\n\t\t\t<div class=\"elementor-image-carousel swiper-wrapper\" aria-live=\"off\">\n\t\t\t\t\t\t\t\t<div class=\"swiper-slide\" role=\"group\" aria-roledescription=\"slide\" aria-label=\"1 of 7\"><figure class=\"swiper-slide-inner\"><img decoding=\"async\" class=\"swiper-slide-image\" src=\"https:\/\/marliermaroc.com\/site\/wp-content\/uploads\/elementor\/thumbs\/accueil1-qj4sc3639y6eh8udm0ny908wb6g7vq2zpd2co1had4.jpg\" alt=\"accueil1\" \/><\/figure><\/div><div class=\"swiper-slide\" role=\"group\" aria-roledescription=\"slide\" aria-label=\"2 of 7\"><figure class=\"swiper-slide-inner\"><img decoding=\"async\" class=\"swiper-slide-image\" src=\"https:\/\/marliermaroc.com\/site\/wp-content\/uploads\/elementor\/thumbs\/haut5-qj3ftqspuvkca5i715grrov0rtyf3x7wxrimh2suk8.jpg\" alt=\"haut5\" \/><\/figure><\/div><div class=\"swiper-slide\" role=\"group\" aria-roledescription=\"slide\" aria-label=\"3 of 7\"><figure class=\"swiper-slide-inner\"><img decoding=\"async\" class=\"swiper-slide-image\" src=\"https:\/\/marliermaroc.com\/site\/wp-content\/uploads\/elementor\/thumbs\/Untitled-3-1-qiunclqtxt7qdwodywjvz7k0cnalx08q6ye2ypiv94.jpg\" alt=\"Untitled-3\" \/><\/figure><\/div><div class=\"swiper-slide\" role=\"group\" aria-roledescription=\"slide\" aria-label=\"4 of 7\"><figure class=\"swiper-slide-inner\"><img decoding=\"async\" class=\"swiper-slide-image\" src=\"https:\/\/marliermaroc.com\/site\/wp-content\/uploads\/elementor\/thumbs\/2af20ad6-4e89-4438-82aa-b03851945304-qiok9ip222e2073w062clzkr5fqbqq29hidljxs720.jpg\" alt=\"2af20ad6-4e89-4438-82aa-b03851945304\" \/><\/figure><\/div><div class=\"swiper-slide\" role=\"group\" aria-roledescription=\"slide\" aria-label=\"5 of 7\"><figure class=\"swiper-slide-inner\"><img decoding=\"async\" class=\"swiper-slide-image\" src=\"https:\/\/marliermaroc.com\/site\/wp-content\/uploads\/elementor\/thumbs\/1000184993-scaled-qiut3ixsfuh47m40oui9dhs039eheapib4h38kpvi0.jpg\" alt=\"1000184993\" \/><\/figure><\/div><div class=\"swiper-slide\" role=\"group\" aria-roledescription=\"slide\" aria-label=\"6 of 7\"><figure class=\"swiper-slide-inner\"><img decoding=\"async\" class=\"swiper-slide-image\" src=\"https:\/\/marliermaroc.com\/site\/wp-content\/uploads\/elementor\/thumbs\/Picture2-qiul9m6cpmk85tlnuhnd24s6a0wfuajmjsrko0pjnc.jpg\" alt=\"Picture2\" \/><\/figure><\/div><div class=\"swiper-slide\" role=\"group\" aria-roledescription=\"slide\" aria-label=\"7 of 7\"><figure class=\"swiper-slide-inner\"><img decoding=\"async\" class=\"swiper-slide-image\" src=\"https:\/\/marliermaroc.com\/site\/wp-content\/uploads\/elementor\/thumbs\/Untitled-3-2-qiunkzh0vmorwqi410z4plez1bzfjuikcfsy0j3hrs.jpg\" alt=\"Untitled-3\" \/><\/figure><\/div>\t\t\t<\/div>\n\t\t\t\t\t\t\t\n\t\t\t\t\t\t\t\t\t<div class=\"swiper-pagination\"><\/div>\n\t\t\t\t\t\t\t\t\t<\/div>\n\t\t\t\t\t\t<\/div>\n\t\t\t\t<\/div>\n\t\t\t\t<div class=\"elementor-element elementor-element-1f582e6 elementor-widget__width-initial elementor-widget elementor-widget-heading\" data-id=\"1f582e6\" data-element_type=\"widget\" data-e-type=\"widget\" data-widget_type=\"heading.default\">\n\t\t\t\t<div class=\"elementor-widget-container\">\n\t\t\t\t\t<h3 class=\"elementor-heading-title elementor-size-default\">Secteur A\u00e9ronautique<\/h3>\t\t\t\t<\/div>\n\t\t\t\t<\/div>\n\t\t\t\t<\/div>\n\t\t<div class=\"elementor-element elementor-element-628f3a6 e-flex e-con-boxed e-con e-parent\" data-id=\"628f3a6\" data-element_type=\"container\" data-e-type=\"container\">\n\t\t\t\t\t<div class=\"e-con-inner\">\n\t\t\t\t<div class=\"elementor-element elementor-element-51dc32e elementor-widget elementor-widget-text-editor\" data-id=\"51dc32e\" data-element_type=\"widget\" data-e-type=\"widget\" data-widget_type=\"text-editor.default\">\n\t\t\t\t<div class=\"elementor-widget-container\">\n\t\t\t\t\t\t\t\t\t<p>\u00a0<\/p><p style=\"text-align: center;\"><span style=\"font-size: 18px; font-family: georgia, palatino;\"><strong>MARLIER MAROC<\/strong> excelle sur le march\u00e9 de l&#8217;a\u00e9ronautique, que ce soit dans le domaine de la maintenance des a\u00e9ronefs (MRO) ou dans la fabrication et la production de composants a\u00e9ronautiques.<\/span><\/p>\t\t\t\t\t\t\t\t<\/div>\n\t\t\t\t<\/div>\n\t\t\t\t<div class=\"elementor-element elementor-element-f1e8274 elementor-widget elementor-widget-spacer\" data-id=\"f1e8274\" data-element_type=\"widget\" data-e-type=\"widget\" data-widget_type=\"spacer.default\">\n\t\t\t\t<div class=\"elementor-widget-container\">\n\t\t\t\t\t\t\t<div class=\"elementor-spacer\">\n\t\t\t<div class=\"elementor-spacer-inner\"><\/div>\n\t\t<\/div>\n\t\t\t\t\t\t<\/div>\n\t\t\t\t<\/div>\n\t\t\t\t\t<\/div>\n\t\t\t\t<\/div>\n\t\t<div class=\"elementor-element elementor-element-0ef1ae8 e-flex e-con-boxed e-con e-parent\" data-id=\"0ef1ae8\" data-element_type=\"container\" data-e-type=\"container\">\n\t\t\t\t\t<div class=\"e-con-inner\">\n\t\t<div class=\"elementor-element elementor-element-0779e4d e-con-full e-flex e-con e-child\" data-id=\"0779e4d\" data-element_type=\"container\" data-e-type=\"container\">\n\t\t\t\t<div class=\"elementor-element elementor-element-f0814f4 elementor-widget elementor-widget-text-editor\" data-id=\"f0814f4\" data-element_type=\"widget\" data-e-type=\"widget\" data-widget_type=\"text-editor.default\">\n\t\t\t\t<div class=\"elementor-widget-container\">\n\t\t\t\t\t\t\t\t\t<p style=\"text-align: justify;\"><span style=\"font-size: 18pt;\"><strong>Maintenance A\u00e9ronautique :<\/strong><\/span><\/p><p style=\"text-align: justify;\"><span style=\"font-size: 17px;\">La maintenance a\u00e9ronautique englobe l&#8217;accomplissement des actions n\u00e9cessaires pour garantir la navigabilit\u00e9 d&#8217;un a\u00e9ronef ou de ses composants. Cela inclut des activit\u00e9s telles que la r\u00e9vision, l&#8217;inspection et le contr\u00f4le. Elle consiste \u00e0 effectuer des travaux, notamment La r\u00e9alisation de contr\u00f4les CND r\u00e9guliers syst\u00e9matiques et p\u00e9riodiques des a\u00e9ronefs, class\u00e9s en cat\u00e9gories A, B, C et D.<\/span><\/p><p style=\"text-align: justify;\"><span style=\"font-size: 17px;\">Les interventions en cas d&#8217;incident et de doute concernant l&#8217;\u00e9tat d&#8217;un \u00e9l\u00e9ment ou d&#8217;un ensemble d&#8217;\u00e9l\u00e9ments de l&#8217;a\u00e9ronef.<\/span><\/p>\t\t\t\t\t\t\t\t<\/div>\n\t\t\t\t<\/div>\n\t\t\t\t<div class=\"elementor-element elementor-element-413356f elementor-widget elementor-widget-spacer\" data-id=\"413356f\" data-element_type=\"widget\" data-e-type=\"widget\" data-widget_type=\"spacer.default\">\n\t\t\t\t<div class=\"elementor-widget-container\">\n\t\t\t\t\t\t\t<div class=\"elementor-spacer\">\n\t\t\t<div class=\"elementor-spacer-inner\"><\/div>\n\t\t<\/div>\n\t\t\t\t\t\t<\/div>\n\t\t\t\t<\/div>\n\t\t\t\t<div class=\"elementor-element elementor-element-cb86dec elementor-widget elementor-widget-image\" data-id=\"cb86dec\" data-element_type=\"widget\" data-e-type=\"widget\" data-widget_type=\"image.default\">\n\t\t\t\t<div class=\"elementor-widget-container\">\n\t\t\t\t\t\t\t\t\t\t\t\t\t\t\t<img fetchpriority=\"high\" decoding=\"async\" width=\"1600\" height=\"1200\" src=\"https:\/\/marliermaroc.com\/site\/wp-content\/uploads\/2024\/01\/b5c8eff3-28d8-419d-870c-aef85e01f7f0.jpg\" class=\"attachment-full size-full wp-image-65679\" alt=\"\" srcset=\"https:\/\/marliermaroc.com\/site\/wp-content\/uploads\/2024\/01\/b5c8eff3-28d8-419d-870c-aef85e01f7f0.jpg 1600w, https:\/\/marliermaroc.com\/site\/wp-content\/uploads\/2024\/01\/b5c8eff3-28d8-419d-870c-aef85e01f7f0-300x225.jpg 300w, https:\/\/marliermaroc.com\/site\/wp-content\/uploads\/2024\/01\/b5c8eff3-28d8-419d-870c-aef85e01f7f0-1024x768.jpg 1024w, https:\/\/marliermaroc.com\/site\/wp-content\/uploads\/2024\/01\/b5c8eff3-28d8-419d-870c-aef85e01f7f0-768x576.jpg 768w, https:\/\/marliermaroc.com\/site\/wp-content\/uploads\/2024\/01\/b5c8eff3-28d8-419d-870c-aef85e01f7f0-1536x1152.jpg 1536w, https:\/\/marliermaroc.com\/site\/wp-content\/uploads\/2024\/01\/b5c8eff3-28d8-419d-870c-aef85e01f7f0-24x18.jpg 24w, https:\/\/marliermaroc.com\/site\/wp-content\/uploads\/2024\/01\/b5c8eff3-28d8-419d-870c-aef85e01f7f0-36x27.jpg 36w, https:\/\/marliermaroc.com\/site\/wp-content\/uploads\/2024\/01\/b5c8eff3-28d8-419d-870c-aef85e01f7f0-48x36.jpg 48w\" sizes=\"(max-width: 1600px) 100vw, 1600px\" \/>\t\t\t\t\t\t\t\t\t\t\t\t\t\t\t<\/div>\n\t\t\t\t<\/div>\n\t\t\t\t<\/div>\n\t\t\t\t<div class=\"elementor-element elementor-element-be331e7 elementor-absolute third-img elementor-invisible elementor-widget elementor-widget-image\" data-id=\"be331e7\" data-element_type=\"widget\" data-e-type=\"widget\" data-settings=\"{&quot;_position&quot;:&quot;absolute&quot;,&quot;_animation&quot;:&quot;swing&quot;}\" data-widget_type=\"image.default\">\n\t\t\t\t<div class=\"elementor-widget-container\">\n\t\t\t\t\t\t\t\t\t\t\t\t\t\t\t<img decoding=\"async\" src=\"https:\/\/marliermaroc.com\/site\/wp-content\/uploads\/elementor\/thumbs\/middle-qjiq54j36oaeg3e2zh8tpt0l6u7d25kv8w9qwbu6z4.png\" title=\"middle\" alt=\"middle\" loading=\"lazy\" \/>\t\t\t\t\t\t\t\t\t\t\t\t\t\t\t<\/div>\n\t\t\t\t<\/div>\n\t\t<div class=\"elementor-element elementor-element-8d2e2f0 e-con-full e-flex e-con e-child\" data-id=\"8d2e2f0\" data-element_type=\"container\" data-e-type=\"container\">\n\t\t\t\t<div class=\"elementor-element elementor-element-08e26e1 elementor-widget elementor-widget-image\" data-id=\"08e26e1\" data-element_type=\"widget\" data-e-type=\"widget\" data-widget_type=\"image.default\">\n\t\t\t\t<div class=\"elementor-widget-container\">\n\t\t\t\t\t\t\t\t\t\t\t\t\t\t\t<img decoding=\"async\" width=\"1024\" height=\"768\" src=\"https:\/\/marliermaroc.com\/site\/wp-content\/uploads\/2024\/01\/06127dd7-06d0-4c09-97f6-0cc63d6cb15c.jpg\" class=\"attachment-full size-full wp-image-64861\" alt=\"\" srcset=\"https:\/\/marliermaroc.com\/site\/wp-content\/uploads\/2024\/01\/06127dd7-06d0-4c09-97f6-0cc63d6cb15c.jpg 1024w, https:\/\/marliermaroc.com\/site\/wp-content\/uploads\/2024\/01\/06127dd7-06d0-4c09-97f6-0cc63d6cb15c-300x225.jpg 300w, https:\/\/marliermaroc.com\/site\/wp-content\/uploads\/2024\/01\/06127dd7-06d0-4c09-97f6-0cc63d6cb15c-768x576.jpg 768w, https:\/\/marliermaroc.com\/site\/wp-content\/uploads\/2024\/01\/06127dd7-06d0-4c09-97f6-0cc63d6cb15c-24x18.jpg 24w, https:\/\/marliermaroc.com\/site\/wp-content\/uploads\/2024\/01\/06127dd7-06d0-4c09-97f6-0cc63d6cb15c-36x27.jpg 36w, https:\/\/marliermaroc.com\/site\/wp-content\/uploads\/2024\/01\/06127dd7-06d0-4c09-97f6-0cc63d6cb15c-48x36.jpg 48w\" sizes=\"(max-width: 1024px) 100vw, 1024px\" \/>\t\t\t\t\t\t\t\t\t\t\t\t\t\t\t<\/div>\n\t\t\t\t<\/div>\n\t\t\t\t<div class=\"elementor-element elementor-element-f8d71ae elementor-widget elementor-widget-spacer\" data-id=\"f8d71ae\" data-element_type=\"widget\" data-e-type=\"widget\" data-widget_type=\"spacer.default\">\n\t\t\t\t<div class=\"elementor-widget-container\">\n\t\t\t\t\t\t\t<div class=\"elementor-spacer\">\n\t\t\t<div class=\"elementor-spacer-inner\"><\/div>\n\t\t<\/div>\n\t\t\t\t\t\t<\/div>\n\t\t\t\t<\/div>\n\t\t\t\t<div class=\"elementor-element elementor-element-acbde74 elementor-widget elementor-widget-text-editor\" data-id=\"acbde74\" data-element_type=\"widget\" data-e-type=\"widget\" data-widget_type=\"text-editor.default\">\n\t\t\t\t<div class=\"elementor-widget-container\">\n\t\t\t\t\t\t\t\t\t<p style=\"text-align: justify;\"><span style=\"font-size: 18pt;\"><strong>Fabrication et production a\u00e9ronautique:<\/strong><\/span><\/p><p style=\"text-align: justify;\"><span style=\"font-size: 17px;\">Dans le contexte de la fabrication et de la production a\u00e9ronautique, les contr\u00f4les non destructifs sont mis en \u0153uvre pour \u00e9valuer la conformit\u00e9 des pi\u00e8ces par rapport aux sp\u00e9cifications et aux exigences de leur utilisation. Les proc\u00e9dures de CND ont pour objectif principal de d\u00e9tecter d&#8217;\u00e9ventuelles anomalies ou indications locales et, le cas \u00e9ch\u00e9ant, de les identifier avant leur int\u00e9gration dans les a\u00e9ronefs.<\/span><\/p><p style=\"text-align: justify;\"><span style=\"font-size: 17px;\">Les proc\u00e9dures de CND ont pour objectif principal de d\u00e9tecter d&#8217;\u00e9ventuelles anomalies ou indications locales et, le cas \u00e9ch\u00e9ant, de les cartographier avant leur int\u00e9gration dans les a\u00e9ronefs.<\/span><\/p>\t\t\t\t\t\t\t\t<\/div>\n\t\t\t\t<\/div>\n\t\t\t\t<\/div>\n\t\t\t\t\t<\/div>\n\t\t\t\t<\/div>\n\t\t<div class=\"elementor-element elementor-element-22d43ac e-flex e-con-boxed e-con e-parent\" data-id=\"22d43ac\" data-element_type=\"container\" data-e-type=\"container\">\n\t\t\t\t\t<div class=\"e-con-inner\">\n\t\t\t\t<div class=\"elementor-element elementor-element-5292ebf elementor-widget elementor-widget-spacer\" data-id=\"5292ebf\" data-element_type=\"widget\" data-e-type=\"widget\" data-widget_type=\"spacer.default\">\n\t\t\t\t<div class=\"elementor-widget-container\">\n\t\t\t\t\t\t\t<div class=\"elementor-spacer\">\n\t\t\t<div class=\"elementor-spacer-inner\"><\/div>\n\t\t<\/div>\n\t\t\t\t\t\t<\/div>\n\t\t\t\t<\/div>\n\t\t\t\t\t<\/div>\n\t\t\t\t<\/div>\n\t\t\t\t<\/div>\n\t\t","protected":false},"excerpt":{"rendered":"<p>Secteur A\u00e9ronautique \u00a0 MARLIER MAROC excelle sur le march\u00e9 de l&#8217;a\u00e9ronautique, que ce soit dans le domaine de la maintenance <span>&#8230;<\/span><\/p>\n","protected":false},"author":2,"featured_media":64777,"parent":0,"menu_order":0,"comment_status":"closed","ping_status":"closed","template":"elementor_header_footer","meta":{"footnotes":""},"class_list":["post-64730","page","type-page","status-publish","has-post-thumbnail","hentry"],"_links":{"self":[{"href":"https:\/\/marliermaroc.com\/site\/wp-json\/wp\/v2\/pages\/64730","targetHints":{"allow":["GET"]}}],"collection":[{"href":"https:\/\/marliermaroc.com\/site\/wp-json\/wp\/v2\/pages"}],"about":[{"href":"https:\/\/marliermaroc.com\/site\/wp-json\/wp\/v2\/types\/page"}],"author":[{"embeddable":true,"href":"https:\/\/marliermaroc.com\/site\/wp-json\/wp\/v2\/users\/2"}],"replies":[{"embeddable":true,"href":"https:\/\/marliermaroc.com\/site\/wp-json\/wp\/v2\/comments?post=64730"}],"version-history":[{"count":20,"href":"https:\/\/marliermaroc.com\/site\/wp-json\/wp\/v2\/pages\/64730\/revisions"}],"predecessor-version":[{"id":68910,"href":"https:\/\/marliermaroc.com\/site\/wp-json\/wp\/v2\/pages\/64730\/revisions\/68910"}],"wp:featuredmedia":[{"embeddable":true,"href":"https:\/\/marliermaroc.com\/site\/wp-json\/wp\/v2\/media\/64777"}],"wp:attachment":[{"href":"https:\/\/marliermaroc.com\/site\/wp-json\/wp\/v2\/media?parent=64730"}],"curies":[{"name":"wp","href":"https:\/\/api.w.org\/{rel}","templated":true}]}}