{"id":64700,"date":"2024-01-21T03:16:16","date_gmt":"2024-01-21T03:16:16","guid":{"rendered":"https:\/\/marliermaroc.com\/site\/?page_id=64700"},"modified":"2024-02-14T14:38:27","modified_gmt":"2024-02-14T14:38:27","slug":"formation","status":"publish","type":"page","link":"https:\/\/marliermaroc.com\/site\/formation\/","title":{"rendered":"Formation"},"content":{"rendered":"\t\t<div data-elementor-type=\"wp-page\" data-elementor-id=\"64700\" class=\"elementor elementor-64700\">\n\t\t\t\t<div class=\"elementor-element elementor-element-ab9c0dc e-con-full e-flex e-con e-parent\" data-id=\"ab9c0dc\" data-element_type=\"container\" data-e-type=\"container\">\n\t\t\t\t<div class=\"elementor-element elementor-element-5f4ca70 elementor-widget elementor-widget-spacer\" data-id=\"5f4ca70\" data-element_type=\"widget\" data-e-type=\"widget\" data-widget_type=\"spacer.default\">\n\t\t\t\t<div class=\"elementor-widget-container\">\n\t\t\t\t\t\t\t<div class=\"elementor-spacer\">\n\t\t\t<div class=\"elementor-spacer-inner\"><\/div>\n\t\t<\/div>\n\t\t\t\t\t\t<\/div>\n\t\t\t\t<\/div>\n\t\t\t\t<div class=\"elementor-element elementor-element-874f676 elementor-widget elementor-widget-heading\" data-id=\"874f676\" data-element_type=\"widget\" data-e-type=\"widget\" data-widget_type=\"heading.default\">\n\t\t\t\t<div class=\"elementor-widget-container\">\n\t\t\t\t\t<h4 class=\"elementor-heading-title elementor-size-default\">FORMATION et certification en CND<\/h4>\t\t\t\t<\/div>\n\t\t\t\t<\/div>\n\t\t\t\t<div class=\"elementor-element elementor-element-5096dad elementor-widget-divider--view-line elementor-widget elementor-widget-divider\" data-id=\"5096dad\" data-element_type=\"widget\" data-e-type=\"widget\" data-widget_type=\"divider.default\">\n\t\t\t\t<div class=\"elementor-widget-container\">\n\t\t\t\t\t\t\t<div class=\"elementor-divider\">\n\t\t\t<span class=\"elementor-divider-separator\">\n\t\t\t\t\t\t<\/span>\n\t\t<\/div>\n\t\t\t\t\t\t<\/div>\n\t\t\t\t<\/div>\n\t\t\t\t<div class=\"elementor-element elementor-element-7fc3298 elementor-widget elementor-widget-spacer\" data-id=\"7fc3298\" data-element_type=\"widget\" data-e-type=\"widget\" data-widget_type=\"spacer.default\">\n\t\t\t\t<div class=\"elementor-widget-container\">\n\t\t\t\t\t\t\t<div class=\"elementor-spacer\">\n\t\t\t<div class=\"elementor-spacer-inner\"><\/div>\n\t\t<\/div>\n\t\t\t\t\t\t<\/div>\n\t\t\t\t<\/div>\n\t\t\t\t<\/div>\n\t\t<div class=\"elementor-element elementor-element-3ea4ada e-flex e-con-boxed e-con e-parent\" data-id=\"3ea4ada\" data-element_type=\"container\" data-e-type=\"container\">\n\t\t\t\t\t<div class=\"e-con-inner\">\n\t\t<div class=\"elementor-element elementor-element-0742a92 e-con-full e-flex e-con e-child\" data-id=\"0742a92\" data-element_type=\"container\" data-e-type=\"container\">\n\t\t\t\t<div class=\"elementor-element elementor-element-c79f1ee elementor-widget elementor-widget-text-editor\" data-id=\"c79f1ee\" data-element_type=\"widget\" data-e-type=\"widget\" data-widget_type=\"text-editor.default\">\n\t\t\t\t<div class=\"elementor-widget-container\">\n\t\t\t\t\t\t\t\t\t<p style=\"text-align: justify;\"><span style=\"font-size: 18px;\">&#8211; Le centre de formation Implant\u00e9 sur le site <span style=\"font-family: 'times new roman', times;\"><strong>MARLIER MAROC<\/strong><\/span> &#8211; Nouaceur , propose des <strong>formations<\/strong> et des <strong>qualifications<\/strong> en <strong>Contr\u00f4les Non Destructifs<\/strong> (Radiologie, Ressuage, Magn\u00e9toscopie, Ultrasons, Courants de Foucault et Thermographie) suivant les standards internationaux <strong>EN 4179\/NAS410<\/strong>. Il b\u00e9n\u00e9ficie \u00e9galement de tout les \u00e9quipements, les installations et les salles p\u00e9dagogiques n\u00e9cessaires au bon d\u00e9roulement de la formation.<\/span><\/p><p style=\"text-align: justify;\"><span style=\"font-size: 18px;\">&#8211; Les cours sont dispens\u00e9s en fran\u00e7ais ou en anglais (sur demande) par des formateurs experts en la mati\u00e8re .<\/span><\/p><p style=\"text-align: justify;\">\u00a0<\/p>\t\t\t\t\t\t\t\t<\/div>\n\t\t\t\t<\/div>\n\t\t\t\t<\/div>\n\t\t<div class=\"elementor-element elementor-element-2e811e2 e-con-full e-flex e-con e-child\" data-id=\"2e811e2\" data-element_type=\"container\" data-e-type=\"container\">\n\t\t\t\t<div class=\"elementor-element elementor-element-2f86882 elementor-widget elementor-widget-image-carousel\" data-id=\"2f86882\" data-element_type=\"widget\" data-e-type=\"widget\" data-settings=\"{&quot;slides_to_show&quot;:&quot;1&quot;,&quot;navigation&quot;:&quot;none&quot;,&quot;autoplay_speed&quot;:2000,&quot;autoplay&quot;:&quot;yes&quot;,&quot;pause_on_hover&quot;:&quot;yes&quot;,&quot;pause_on_interaction&quot;:&quot;yes&quot;,&quot;infinite&quot;:&quot;yes&quot;,&quot;effect&quot;:&quot;slide&quot;,&quot;speed&quot;:500}\" data-widget_type=\"image-carousel.default\">\n\t\t\t\t<div class=\"elementor-widget-container\">\n\t\t\t\t\t\t\t<div class=\"elementor-image-carousel-wrapper swiper\" role=\"region\" aria-roledescription=\"carousel\" aria-label=\"Image Carousel\" dir=\"ltr\">\n\t\t\t<div class=\"elementor-image-carousel swiper-wrapper\" aria-live=\"off\">\n\t\t\t\t\t\t\t\t<div class=\"swiper-slide\" role=\"group\" aria-roledescription=\"slide\" aria-label=\"1 of 2\"><figure class=\"swiper-slide-inner\"><img decoding=\"async\" class=\"swiper-slide-image\" src=\"https:\/\/marliermaroc.com\/site\/wp-content\/uploads\/elementor\/thumbs\/form1-qjiwyqqxgw30zblg8we6gdkezbk9gi43uouuo4383c.jpg\" alt=\"form1\" \/><\/figure><\/div><div class=\"swiper-slide\" role=\"group\" aria-roledescription=\"slide\" aria-label=\"2 of 2\"><figure class=\"swiper-slide-inner\"><img decoding=\"async\" class=\"swiper-slide-image\" src=\"https:\/\/marliermaroc.com\/site\/wp-content\/uploads\/elementor\/thumbs\/form3-qjix5uf13tt0p9a2rywpal1sk4k3m6b3huax7dk52w.jpg\" alt=\"form3\" \/><\/figure><\/div>\t\t\t<\/div>\n\t\t\t\t\t\t\t\n\t\t\t\t\t\t\t\t\t<\/div>\n\t\t\t\t\t\t<\/div>\n\t\t\t\t<\/div>\n\t\t\t\t<\/div>\n\t\t\t\t\t<\/div>\n\t\t\t\t<\/div>\n\t\t<div class=\"elementor-element elementor-element-a56b4df e-flex e-con-boxed e-con e-parent\" data-id=\"a56b4df\" data-element_type=\"container\" data-e-type=\"container\">\n\t\t\t\t\t<div class=\"e-con-inner\">\n\t\t\t\t<div class=\"elementor-element elementor-element-4b3afed elementor-widget elementor-widget-spacer\" data-id=\"4b3afed\" data-element_type=\"widget\" data-e-type=\"widget\" data-widget_type=\"spacer.default\">\n\t\t\t\t<div class=\"elementor-widget-container\">\n\t\t\t\t\t\t\t<div class=\"elementor-spacer\">\n\t\t\t<div class=\"elementor-spacer-inner\"><\/div>\n\t\t<\/div>\n\t\t\t\t\t\t<\/div>\n\t\t\t\t<\/div>\n\t\t\t\t<div class=\"elementor-element elementor-element-af86cc1 elementor-widget elementor-widget-text-editor\" data-id=\"af86cc1\" data-element_type=\"widget\" data-e-type=\"widget\" data-widget_type=\"text-editor.default\">\n\t\t\t\t<div class=\"elementor-widget-container\">\n\t\t\t\t\t\t\t\t\t<p style=\"text-align: center;\"><span style=\"font-size: 18px;\"><b>Pour b\u00e9n\u00e9ficier d&#8217;une formation en CND veillez remplir le formulaire ci-dessus<\/b><\/span><\/p>\t\t\t\t\t\t\t\t<\/div>\n\t\t\t\t<\/div>\n\t\t\t\t\t<\/div>\n\t\t\t\t<\/div>\n\t\t<div class=\"elementor-element elementor-element-3614926 e-flex e-con-boxed e-con e-parent\" data-id=\"3614926\" data-element_type=\"container\" data-e-type=\"container\">\n\t\t\t\t\t<div class=\"e-con-inner\">\n\t\t\t\t<div class=\"elementor-element elementor-element-73d3598 elementor-widget elementor-widget-wpforms\" data-id=\"73d3598\" data-element_type=\"widget\" data-e-type=\"widget\" data-widget_type=\"wpforms.default\">\n\t\t\t\t<div class=\"elementor-widget-container\">\n\t\t\t\t\t<style id=\"wpforms-css-vars-elementor-widget-73d3598\">\n\t\t\t\t.elementor-widget-wpforms.elementor-element-73d3598 {\n\t\t\t\t--wpforms-field-size-input-height: 43px;\n--wpforms-field-size-input-spacing: 15px;\n--wpforms-field-size-font-size: 16px;\n--wpforms-field-size-line-height: 19px;\n--wpforms-field-size-padding-h: 14px;\n--wpforms-field-size-checkbox-size: 16px;\n--wpforms-field-size-sublabel-spacing: 5px;\n--wpforms-field-size-icon-size: 1;\n--wpforms-label-size-font-size: 16px;\n--wpforms-label-size-line-height: 19px;\n--wpforms-label-size-sublabel-font-size: 14px;\n--wpforms-label-size-sublabel-line-height: 17px;\n--wpforms-button-size-font-size: 17px;\n--wpforms-button-size-height: 41px;\n--wpforms-button-size-padding-h: 15px;\n--wpforms-button-size-margin-top: 10px;\n\n\t\t\t}\n\t\t\t<\/style><div class=\"wpforms-container wpforms-container-full wpforms-render-modern\" id=\"wpforms-66509\"><form id=\"wpforms-form-66509\" class=\"wpforms-validate wpforms-form wpforms-ajax-form\" data-formid=\"66509\" method=\"post\" enctype=\"multipart\/form-data\" action=\"\/site\/wp-json\/wp\/v2\/pages\/64700\" data-token=\"5d4aab871ac7790284f8cc69e8a61b94\" data-token-time=\"1776951508\"><noscript class=\"wpforms-error-noscript\">Please enable JavaScript in your browser to complete this form.<\/noscript><div class=\"wpforms-hidden\" id=\"wpforms-error-noscript\">Please enable JavaScript in your browser to complete this form.<\/div><div class=\"wpforms-field-container\"><div id=\"wpforms-66509-field_9-container\" class=\"wpforms-field wpforms-field-text wpforms-one-half wpforms-first\" data-field-id=\"9\"><label class=\"wpforms-field-label wpforms-label-hide\" for=\"wpforms-66509-field_9\" aria-hidden=\"false\">Nom<\/label><input type=\"text\" id=\"wpforms-66509-field_9\" class=\"wpforms-field-large\" name=\"wpforms[fields][9]\" placeholder=\"Nom\" aria-errormessage=\"wpforms-66509-field_9-error\" ><\/div><div id=\"wpforms-66509-field_10-container\" class=\"wpforms-field wpforms-field-text wpforms-one-half\" data-field-id=\"10\"><label class=\"wpforms-field-label wpforms-label-hide\" for=\"wpforms-66509-field_10\" aria-hidden=\"false\">Pr\u00e9nom<\/label><input type=\"text\" id=\"wpforms-66509-field_10\" class=\"wpforms-field-large\" name=\"wpforms[fields][10]\" placeholder=\"Pr\u00e9nom\" aria-errormessage=\"wpforms-66509-field_10-error\" ><\/div><div id=\"wpforms-66509-field_1-container\" class=\"wpforms-field wpforms-field-email wpforms-one-half wpforms-first\" data-field-id=\"1\"><label class=\"wpforms-field-label wpforms-label-hide\" for=\"wpforms-66509-field_1\" aria-hidden=\"false\">Email<\/label><input type=\"email\" id=\"wpforms-66509-field_1\" class=\"wpforms-field-large\" name=\"wpforms[fields][1]\" placeholder=\"Email\" spellcheck=\"false\" aria-errormessage=\"wpforms-66509-field_1-error\" ><\/div><div id=\"wpforms-66509-field_3-container\" class=\"wpforms-field wpforms-field-text wpforms-one-half\" data-field-id=\"3\"><label class=\"wpforms-field-label wpforms-label-hide\" for=\"wpforms-66509-field_3\" aria-hidden=\"false\">T\u00e9l\u00e9phone<\/label><input type=\"text\" id=\"wpforms-66509-field_3\" class=\"wpforms-field-large\" name=\"wpforms[fields][3]\" placeholder=\"T\u00e9l\u00e9phone\" aria-errormessage=\"wpforms-66509-field_3-error\" ><\/div><div id=\"wpforms-66509-field_4-container\" class=\"wpforms-field wpforms-field-text wpforms-one-half wpforms-first\" data-field-id=\"4\"><label class=\"wpforms-field-label wpforms-label-hide\" for=\"wpforms-66509-field_4\" aria-hidden=\"false\">Soci\u00e9t\u00e9<\/label><input type=\"text\" id=\"wpforms-66509-field_4\" class=\"wpforms-field-large\" name=\"wpforms[fields][4]\" placeholder=\"Soci\u00e9t\u00e9\" aria-errormessage=\"wpforms-66509-field_4-error\" ><\/div><div id=\"wpforms-66509-field_5-container\" class=\"wpforms-field wpforms-field-text wpforms-one-half\" data-field-id=\"5\"><label class=\"wpforms-field-label wpforms-label-hide\" for=\"wpforms-66509-field_5\" aria-hidden=\"false\">Fonction<\/label><input type=\"text\" id=\"wpforms-66509-field_5\" class=\"wpforms-field-large\" name=\"wpforms[fields][5]\" placeholder=\"Fonction\" aria-errormessage=\"wpforms-66509-field_5-error\" ><\/div><div id=\"wpforms-66509-field_6-container\" class=\"wpforms-field wpforms-field-text wpforms-one-half wpforms-first\" data-field-id=\"6\"><label class=\"wpforms-field-label wpforms-label-hide\" for=\"wpforms-66509-field_6\" aria-hidden=\"false\">Ville - Pays<\/label><input type=\"text\" id=\"wpforms-66509-field_6\" class=\"wpforms-field-large\" name=\"wpforms[fields][6]\" placeholder=\"Ville - Pays\" aria-errormessage=\"wpforms-66509-field_6-error\" ><\/div><div id=\"wpforms-66509-field_7-container\" class=\"wpforms-field wpforms-field-text wpforms-one-half\" data-field-id=\"7\"><label class=\"wpforms-field-label wpforms-label-hide\" for=\"wpforms-66509-field_7\" aria-hidden=\"false\">Date de formation (j-m-a)<\/label><input type=\"text\" id=\"wpforms-66509-field_7\" class=\"wpforms-field-large\" name=\"wpforms[fields][7]\" placeholder=\"Date de formation\" aria-errormessage=\"wpforms-66509-field_7-error\" aria-describedby=\"wpforms-66509-field_7-description\" ><div id=\"wpforms-66509-field_7-description\" class=\"wpforms-field-description\">Exemple : 10\/03\/2024<\/div><\/div><div id=\"wpforms-66509-field_8-container\" class=\"wpforms-field wpforms-field-checkbox wpforms-list-2-columns\" data-field-id=\"8\"><fieldset><legend class=\"wpforms-field-label\">Type de formation<\/legend><ul id=\"wpforms-66509-field_8\"><li class=\"choice-1 depth-1\"><input type=\"checkbox\" id=\"wpforms-66509-field_8_1\" name=\"wpforms[fields][8][]\" value=\"Formation en Contr\u00f4le par Ressuage (PT)\" aria-errormessage=\"wpforms-66509-field_8_1-error\"  ><label class=\"wpforms-field-label-inline\" for=\"wpforms-66509-field_8_1\">Formation en Contr\u00f4le par Ressuage (PT)<\/label><\/li><li class=\"choice-2 depth-1\"><input type=\"checkbox\" id=\"wpforms-66509-field_8_2\" name=\"wpforms[fields][8][]\" value=\"Formation en Contr\u00f4le par Magn\u00e9toscopie (MT)\" aria-errormessage=\"wpforms-66509-field_8_2-error\"  ><label class=\"wpforms-field-label-inline\" for=\"wpforms-66509-field_8_2\">Formation en Contr\u00f4le par Magn\u00e9toscopie (MT)<\/label><\/li><li class=\"choice-3 depth-1\"><input type=\"checkbox\" id=\"wpforms-66509-field_8_3\" name=\"wpforms[fields][8][]\" value=\"Formation en Contr\u00f4le par Courant de Foucault (ET)\" aria-errormessage=\"wpforms-66509-field_8_3-error\"  ><label class=\"wpforms-field-label-inline\" for=\"wpforms-66509-field_8_3\">Formation en Contr\u00f4le par Courant de Foucault (ET)<\/label><\/li><li class=\"choice-4 depth-1\"><input type=\"checkbox\" id=\"wpforms-66509-field_8_4\" name=\"wpforms[fields][8][]\" value=\"Formation en Contr\u00f4le par Ultrasons (UT)\" aria-errormessage=\"wpforms-66509-field_8_4-error\"  ><label class=\"wpforms-field-label-inline\" for=\"wpforms-66509-field_8_4\">Formation en Contr\u00f4le par Ultrasons (UT)<\/label><\/li><li class=\"choice-5 depth-1\"><input type=\"checkbox\" id=\"wpforms-66509-field_8_5\" name=\"wpforms[fields][8][]\" value=\"Formation en Contr\u00f4le par Mesure de duret\u00e9 (HT)\" aria-errormessage=\"wpforms-66509-field_8_5-error\"  ><label class=\"wpforms-field-label-inline\" for=\"wpforms-66509-field_8_5\">Formation en Contr\u00f4le par Mesure de duret\u00e9 (HT)<\/label><\/li><li class=\"choice-6 depth-1\"><input type=\"checkbox\" id=\"wpforms-66509-field_8_6\" name=\"wpforms[fields][8][]\" value=\"Formation en Contr\u00f4le par Thermographie (IRT)\" aria-errormessage=\"wpforms-66509-field_8_6-error\"  ><label class=\"wpforms-field-label-inline\" for=\"wpforms-66509-field_8_6\">Formation en Contr\u00f4le par Thermographie (IRT)<\/label><\/li><li class=\"choice-7 depth-1\"><input type=\"checkbox\" id=\"wpforms-66509-field_8_7\" name=\"wpforms[fields][8][]\" value=\"Formation en Contr\u00f4le par Radiographie (RT)\" aria-errormessage=\"wpforms-66509-field_8_7-error\"  ><label class=\"wpforms-field-label-inline\" for=\"wpforms-66509-field_8_7\">Formation en Contr\u00f4le par Radiographie (RT)<\/label><\/li><\/ul><\/fieldset><\/div><div id=\"wpforms-66509-field_2-container\" class=\"wpforms-field wpforms-field-textarea\" data-field-id=\"2\"><label class=\"wpforms-field-label\" for=\"wpforms-66509-field_2\">Besoins <\/label><textarea id=\"wpforms-66509-field_2\" class=\"wpforms-field-medium\" name=\"wpforms[fields][2]\" aria-errormessage=\"wpforms-66509-field_2-error\" ><\/textarea><\/div><\/div><!-- .wpforms-field-container --><div class=\"wpforms-recaptcha-container wpforms-is-recaptcha wpforms-is-recaptcha-type-v2\" ><div class=\"g-recaptcha\" data-sitekey=\"6Ld8znUpAAAAABVYT8bkzXCaVG_mVV-UpDiZvh2D\"><\/div><input type=\"text\" name=\"g-recaptcha-hidden\" class=\"wpforms-recaptcha-hidden\" style=\"position:absolute!important;clip:rect(0,0,0,0)!important;height:1px!important;width:1px!important;border:0!important;overflow:hidden!important;padding:0!important;margin:0!important;\" data-rule-recaptcha=\"1\"><\/div><div class=\"wpforms-submit-container\" ><input type=\"hidden\" name=\"wpforms[id]\" value=\"66509\"><input type=\"hidden\" name=\"page_title\" value=\"\"><input type=\"hidden\" name=\"page_url\" value=\"https:\/\/marliermaroc.com\/site\/wp-json\/wp\/v2\/pages\/64700\"><input type=\"hidden\" name=\"url_referer\" value=\"\"><button type=\"submit\" name=\"wpforms[submit]\" id=\"wpforms-submit-66509\" class=\"wpforms-submit\" data-alt-text=\"En cours...\" data-submit-text=\"Envoyer\" aria-live=\"assertive\" value=\"wpforms-submit\">Envoyer<\/button><img decoding=\"async\" src=\"https:\/\/marliermaroc.com\/site\/wp-content\/plugins\/wpforms-lite\/assets\/images\/submit-spin.svg\" class=\"wpforms-submit-spinner\" style=\"display: none;\" width=\"26\" height=\"26\" alt=\"Loading\"><\/div><\/form><\/div>  <!-- .wpforms-container -->\t\t\t\t<\/div>\n\t\t\t\t<\/div>\n\t\t\t\t\t<\/div>\n\t\t\t\t<\/div>\n\t\t\t\t<\/div>\n\t\t","protected":false},"excerpt":{"rendered":"<p>FORMATION et certification en CND &#8211; Le centre de formation Implant\u00e9 sur le site MARLIER MAROC &#8211; Nouaceur , propose <span>&#8230;<\/span><\/p>\n","protected":false},"author":2,"featured_media":0,"parent":0,"menu_order":0,"comment_status":"closed","ping_status":"closed","template":"elementor_header_footer","meta":{"footnotes":""},"class_list":["post-64700","page","type-page","status-publish","hentry"],"_links":{"self":[{"href":"https:\/\/marliermaroc.com\/site\/wp-json\/wp\/v2\/pages\/64700","targetHints":{"allow":["GET"]}}],"collection":[{"href":"https:\/\/marliermaroc.com\/site\/wp-json\/wp\/v2\/pages"}],"about":[{"href":"https:\/\/marliermaroc.com\/site\/wp-json\/wp\/v2\/types\/page"}],"author":[{"embeddable":true,"href":"https:\/\/marliermaroc.com\/site\/wp-json\/wp\/v2\/users\/2"}],"replies":[{"embeddable":true,"href":"https:\/\/marliermaroc.com\/site\/wp-json\/wp\/v2\/comments?post=64700"}],"version-history":[{"count":20,"href":"https:\/\/marliermaroc.com\/site\/wp-json\/wp\/v2\/pages\/64700\/revisions"}],"predecessor-version":[{"id":69549,"href":"https:\/\/marliermaroc.com\/site\/wp-json\/wp\/v2\/pages\/64700\/revisions\/69549"}],"wp:attachment":[{"href":"https:\/\/marliermaroc.com\/site\/wp-json\/wp\/v2\/media?parent=64700"}],"curies":[{"name":"wp","href":"https:\/\/api.w.org\/{rel}","templated":true}]}}